{"id":44,"date":"2024-02-10T11:13:16","date_gmt":"2024-02-10T10:13:16","guid":{"rendered":"https:\/\/schlegel-burkersdorf.de\/?page_id=44"},"modified":"2024-02-10T18:42:28","modified_gmt":"2024-02-10T17:42:28","slug":"vereine","status":"publish","type":"page","link":"https:\/\/schlegel-burkersdorf.de\/?page_id=44","title":{"rendered":"Vereine"},"content":{"rendered":"\n<figure class=\"wp-block-image size-full\"><img loading=\"lazy\" decoding=\"async\" width=\"300\" height=\"220\" src=\"https:\/\/schlegel-burkersdorf.de\/wp-content\/uploads\/2024\/02\/feuerwehr.jpg\" alt=\"\" class=\"wp-image-117\"\/><\/figure>\n\n\n\n<p class=\"has-text-align-left has-small-font-size\">Bitte anklicken f\u00fcr mehr Details:<\/p>\n\n\n\n<details class=\"wp-block-details has-small-font-size is-layout-flow wp-block-details-is-layout-flow\"><summary>Ortsfeuerwehr <\/summary>\n<p>Die Ortsfeuerwehr feiert 2024 ihr 112 j\u00e4hriges Bestehen seit der Gr\u00fcndung.<\/p>\n\n\n\n<p>F\u00fcr Orts- und Jugendfeuerwehr finden regelm\u00e4\u00dfige Treffen zur Ausbildung und \u00dcbung im Ger\u00e4tehaus statt.<\/p>\n\n\n\n<p>23 Kameradinnen und Kameraden befinden sich im aktiven Dienst. Die Jugendfeuerwehr hat 7 Mitglieder.<\/p>\n\n\n\n<p>Im Jahr 2023 hatte die Wehr 14 Eins\u00e4tze.<\/p>\n\n\n\n<hr class=\"wp-block-separator has-alpha-channel-opacity\"\/>\n<\/details>\n\n\n\n<details class=\"wp-block-details has-small-font-size is-layout-flow wp-block-details-is-layout-flow\"><summary>Schlegler Blasmusikanten e.V.<\/summary>\n<p>Seit der Gr\u00fcndung 1969 als Pionierblasorchester entwickelten sich die Schlegler Musikanten zu einem Orchester, das mit gegenw\u00e4rtig 45-50 Auftritten im Jahr auch \u00fcberregional bekannt geworden ist. Der Verein hat 28 aktive Mitglieder.<\/p>\n\n\n\n<p>Partnerschaften bestehen mit dem MV \u201eHarmonie\u201c Niedereschach (Schwarzwald) und dem MV \u201eBlaskapelle Weingarts\u201c (Franken) und Oberschlei\u00dfheim.<\/p>\n\n\n\n<p>Die gro\u00dfen Schlegler Blasmusikfeste zu den Jubil\u00e4en der Kapelle sind f\u00fcr den Ort jedes Mal ein voller Erfolg.<\/p>\n\n\n\n<hr class=\"wp-block-separator has-alpha-channel-opacity\"\/>\n<\/details>\n\n\n\n<details class=\"wp-block-details has-small-font-size is-layout-flow wp-block-details-is-layout-flow\"><summary>Schlegler Sportverein mit 5 Abteilungen<\/summary>\n<ul class=\"wp-block-list\">\n<li>Aerobic<\/li>\n\n\n\n<li>Fussball<\/li>\n\n\n\n<li>Frauengymnastik<\/li>\n\n\n\n<li>Volleyball Jugend<\/li>\n\n\n\n<li>Volleyball Erwachsene<\/li>\n<\/ul>\n\n\n\n<p>Alle Sportler trainieren in der Turnhalle, im Sommer z. T. auf dem angrenzenden Sportplatz.<\/p>\n\n\n\n<hr class=\"wp-block-separator has-alpha-channel-opacity\"\/>\n<\/details>\n\n\n\n<details class=\"wp-block-details has-small-font-size is-layout-flow wp-block-details-is-layout-flow\"><summary>Schlegler Singegemeinschaft<\/summary>\n<p>Mit Auftritten bei Dorffesten, Weihnachtsmarkt und einzelnen Gottesdiensten pr\u00e4sentiert sich der Frauenchor jeweils mit passendem Programm.<\/p>\n\n\n\n<hr class=\"wp-block-separator has-alpha-channel-opacity\"\/>\n<\/details>\n\n\n\n<details class=\"wp-block-details has-small-font-size is-layout-flow wp-block-details-is-layout-flow\"><summary>Schutz-und Gebrauchthundesportverein Schlegel e.V.<\/summary>\n<p>Die Mitglieder trainieren auf dem Hundesportplatz an den Schlegler Teichen. Hier finden auch Pr\u00fcfungen und der \u201eTeichpokalkampf\u201c statt.<\/p>\n\n\n\n<hr class=\"wp-block-separator has-alpha-channel-opacity\"\/>\n<\/details>\n\n\n\n<details class=\"wp-block-details has-small-font-size is-layout-flow wp-block-details-is-layout-flow\"><summary>Natur- und Teicheverein Schlegel e.V.<\/summary>\n<p>Die Mitglieder setzen sich f\u00fcr die Pflege und Erhaltung rund um die Schlegler Teiche ein.<\/p>\n\n\n\n<p>Der neue Verein &#8211; 2020 gegr\u00fcndet &#8211; hat in den ersten Jahren seines Bestehens schon eine ganze Reihe Vorhaben verwirklichen k\u00f6nnen.<\/p>\n\n\n\n<hr class=\"wp-block-separator has-alpha-channel-opacity\"\/>\n<\/details>\n\n\n\n<details class=\"wp-block-details has-small-font-size is-layout-flow wp-block-details-is-layout-flow\"><summary>Traditionsverein Schlegel e.V.<\/summary>\n<p>Neben vielen anderen Aktivit\u00e4ten organisieren die Vereinsmitglieder Dorffeste, Tr\u00f6delmarkt und den Weihnachtsmarkt am Vereinshaus, die jedes Jahr ein gelungener H\u00f6hepunkt sind.<\/p>\n<\/details>\n\n\n\n<hr class=\"wp-block-separator has-alpha-channel-opacity\"\/>\n\n\n\n<div class=\"wp-block-buttons is-content-justification-center is-layout-flex wp-container-core-buttons-is-layout-a89b3969 wp-block-buttons-is-layout-flex\">\n<div class=\"wp-block-button has-custom-font-size has-small-font-size\"><a class=\"wp-block-button__link has-vivid-cyan-blue-background-color has-background wp-element-button\" href=\"https:\/\/schlegel-burkersdorf.de\/?page_id=42\">zur\u00fcck<\/a><\/div>\n\n\n\n<div class=\"wp-block-button has-custom-font-size has-small-font-size\"><a class=\"wp-block-button__link has-vivid-cyan-blue-background-color has-background wp-element-button\" href=\"https:\/\/schlegel-burkersdorf.de\/?page_id=46\">weiter<\/a><\/div>\n<\/div>\n\n\n\n<hr class=\"wp-block-separator has-alpha-channel-opacity\"\/>\n\n\n\n<div style=\"height:65px\" aria-hidden=\"true\" class=\"wp-block-spacer\"><\/div>\n\n\n<ul class=\"wp-block-page-list has-small-font-size\"><li class=\"wp-block-pages-list__item menu-item-home\"><a class=\"wp-block-pages-list__item__link\" href=\"https:\/\/schlegel-burkersdorf.de\/\">Willkommen!<\/a><\/li><li class=\"wp-block-pages-list__item\"><a class=\"wp-block-pages-list__item__link\" href=\"https:\/\/schlegel-burkersdorf.de\/?page_id=32\">Daten &amp; Kontakt<\/a><\/li><li class=\"wp-block-pages-list__item\"><a class=\"wp-block-pages-list__item__link\" href=\"https:\/\/schlegel-burkersdorf.de\/?page_id=38\">Lage<\/a><\/li><li class=\"wp-block-pages-list__item\"><a class=\"wp-block-pages-list__item__link\" href=\"https:\/\/schlegel-burkersdorf.de\/?page_id=40\">Geschichte<\/a><\/li><li class=\"wp-block-pages-list__item\"><a class=\"wp-block-pages-list__item__link\" href=\"https:\/\/schlegel-burkersdorf.de\/?page_id=42\">Kirche<\/a><\/li><li class=\"wp-block-pages-list__item\"><a class=\"wp-block-pages-list__item__link\" href=\"https:\/\/schlegel-burkersdorf.de\/?page_id=44\">Vereine<\/a><\/li><li class=\"wp-block-pages-list__item\"><a class=\"wp-block-pages-list__item__link\" href=\"https:\/\/schlegel-burkersdorf.de\/?page_id=46\">Gewerbe<\/a><\/li><li class=\"wp-block-pages-list__item\"><a class=\"wp-block-pages-list__item__link\" href=\"https:\/\/schlegel-burkersdorf.de\/?page_id=48\">Galerie<\/a><\/li><li class=\"wp-block-pages-list__item\"><a class=\"wp-block-pages-list__item__link\" href=\"https:\/\/schlegel-burkersdorf.de\/?page_id=11\">Impressum &amp; Datenschutz<\/a><\/li><\/ul>","protected":false},"excerpt":{"rendered":"<p>Bitte anklicken f\u00fcr mehr Details:<\/p>\n","protected":false},"author":1,"featured_media":0,"parent":0,"menu_order":4,"comment_status":"closed","ping_status":"closed","template":"","meta":{"footnotes":""},"class_list":["post-44","page","type-page","status-publish","hentry"],"_links":{"self":[{"href":"https:\/\/schlegel-burkersdorf.de\/index.php?rest_route=\/wp\/v2\/pages\/44","targetHints":{"allow":["GET"]}}],"collection":[{"href":"https:\/\/schlegel-burkersdorf.de\/index.php?rest_route=\/wp\/v2\/pages"}],"about":[{"href":"https:\/\/schlegel-burkersdorf.de\/index.php?rest_route=\/wp\/v2\/types\/page"}],"author":[{"embeddable":true,"href":"https:\/\/schlegel-burkersdorf.de\/index.php?rest_route=\/wp\/v2\/users\/1"}],"replies":[{"embeddable":true,"href":"https:\/\/schlegel-burkersdorf.de\/index.php?rest_route=%2Fwp%2Fv2%2Fcomments&post=44"}],"version-history":[{"count":17,"href":"https:\/\/schlegel-burkersdorf.de\/index.php?rest_route=\/wp\/v2\/pages\/44\/revisions"}],"predecessor-version":[{"id":236,"href":"https:\/\/schlegel-burkersdorf.de\/index.php?rest_route=\/wp\/v2\/pages\/44\/revisions\/236"}],"wp:attachment":[{"href":"https:\/\/schlegel-burkersdorf.de\/index.php?rest_route=%2Fwp%2Fv2%2Fmedia&parent=44"}],"curies":[{"name":"wp","href":"https:\/\/api.w.org\/{rel}","templated":true}]}}

<figure class="wp-block-image size-full"><img loading="lazy" decoding="async" width="300" height="220" src="https://schlegel-burkersdorf.de/wp-content/uploads/2024/02/feuerwehr.jpg" alt="" class="wp-image-117"/></figure>



<p class="has-text-align-left has-small-font-size">Bitte anklicken für mehr Details:</p>



<details class="wp-block-details has-small-font-size is-layout-flow wp-block-details-is-layout-flow"><summary>Ortsfeuerwehr </summary>
<p>Die Ortsfeuerwehr feiert 2024 ihr 112 jähriges Bestehen seit der Gründung.</p>



<p>Für Orts- und Jugendfeuerwehr finden regelmäßige Treffen zur Ausbildung und Übung im Gerätehaus statt.</p>



<p>23 Kameradinnen und Kameraden befinden sich im aktiven Dienst. Die Jugendfeuerwehr hat 7 Mitglieder.</p>



<p>Im Jahr 2023 hatte die Wehr 14 Einsätze.</p>



<hr class="wp-block-separator has-alpha-channel-opacity"/>
</details>



<details class="wp-block-details has-small-font-size is-layout-flow wp-block-details-is-layout-flow"><summary>Schlegler Blasmusikanten e.V.</summary>
<p>Seit der Gründung 1969 als Pionierblasorchester entwickelten sich die Schlegler Musikanten zu einem Orchester, das mit gegenwärtig 45-50 Auftritten im Jahr auch überregional bekannt geworden ist. Der Verein hat 28 aktive Mitglieder.</p>



<p>Partnerschaften bestehen mit dem MV „Harmonie“ Niedereschach (Schwarzwald) und dem MV „Blaskapelle Weingarts“ (Franken) und Oberschleißheim.</p>



<p>Die großen Schlegler Blasmusikfeste zu den Jubiläen der Kapelle sind für den Ort jedes Mal ein voller Erfolg.</p>



<hr class="wp-block-separator has-alpha-channel-opacity"/>
</details>



<details class="wp-block-details has-small-font-size is-layout-flow wp-block-details-is-layout-flow"><summary>Schlegler Sportverein mit 5 Abteilungen</summary>
<ul class="wp-block-list">
<li>Aerobic</li>



<li>Fussball</li>



<li>Frauengymnastik</li>



<li>Volleyball Jugend</li>



<li>Volleyball Erwachsene</li>
</ul>



<p>Alle Sportler trainieren in der Turnhalle, im Sommer z. T. auf dem angrenzenden Sportplatz.</p>



<hr class="wp-block-separator has-alpha-channel-opacity"/>
</details>



<details class="wp-block-details has-small-font-size is-layout-flow wp-block-details-is-layout-flow"><summary>Schlegler Singegemeinschaft</summary>
<p>Mit Auftritten bei Dorffesten, Weihnachtsmarkt und einzelnen Gottesdiensten präsentiert sich der Frauenchor jeweils mit passendem Programm.</p>



<hr class="wp-block-separator has-alpha-channel-opacity"/>
</details>



<details class="wp-block-details has-small-font-size is-layout-flow wp-block-details-is-layout-flow"><summary>Schutz-und Gebrauchthundesportverein Schlegel e.V.</summary>
<p>Die Mitglieder trainieren auf dem Hundesportplatz an den Schlegler Teichen. Hier finden auch Prüfungen und der „Teichpokalkampf“ statt.</p>



<hr class="wp-block-separator has-alpha-channel-opacity"/>
</details>



<details class="wp-block-details has-small-font-size is-layout-flow wp-block-details-is-layout-flow"><summary>Natur- und Teicheverein Schlegel e.V.</summary>
<p>Die Mitglieder setzen sich für die Pflege und Erhaltung rund um die Schlegler Teiche ein.</p>



<p>Der neue Verein &#8211; 2020 gegründet &#8211; hat in den ersten Jahren seines Bestehens schon eine ganze Reihe Vorhaben verwirklichen können.</p>



<hr class="wp-block-separator has-alpha-channel-opacity"/>
</details>



<details class="wp-block-details has-small-font-size is-layout-flow wp-block-details-is-layout-flow"><summary>Traditionsverein Schlegel e.V.</summary>
<p>Neben vielen anderen Aktivitäten organisieren die Vereinsmitglieder Dorffeste, Trödelmarkt und den Weihnachtsmarkt am Vereinshaus, die jedes Jahr ein gelungener Höhepunkt sind.</p>
</details>



<hr class="wp-block-separator has-alpha-channel-opacity"/>



<div class="wp-block-buttons is-content-justification-center is-layout-flex wp-container-core-buttons-is-layout-a89b3969 wp-block-buttons-is-layout-flex">
<div class="wp-block-button has-custom-font-size has-small-font-size"><a class="wp-block-button__link has-vivid-cyan-blue-background-color has-background wp-element-button" href="https://schlegel-burkersdorf.de/?page_id=42">zurück</a></div>



<div class="wp-block-button has-custom-font-size has-small-font-size"><a class="wp-block-button__link has-vivid-cyan-blue-background-color has-background wp-element-button" href="https://schlegel-burkersdorf.de/?page_id=46">weiter</a></div>
</div>



<hr class="wp-block-separator has-alpha-channel-opacity"/>



<div style="height:65px" aria-hidden="true" class="wp-block-spacer"></div>


<ul class="wp-block-page-list has-small-font-size"><li class="wp-block-pages-list__item menu-item-home"><a class="wp-block-pages-list__item__link" href="https://schlegel-burkersdorf.de/">Willkommen!</a></li><li class="wp-block-pages-list__item"><a class="wp-block-pages-list__item__link" href="https://schlegel-burkersdorf.de/?page_id=32">Daten &amp; Kontakt</a></li><li class="wp-block-pages-list__item"><a class="wp-block-pages-list__item__link" href="https://schlegel-burkersdorf.de/?page_id=38">Lage</a></li><li class="wp-block-pages-list__item"><a class="wp-block-pages-list__item__link" href="https://schlegel-burkersdorf.de/?page_id=40">Geschichte</a></li><li class="wp-block-pages-list__item"><a class="wp-block-pages-list__item__link" href="https://schlegel-burkersdorf.de/?page_id=42">Kirche</a></li><li class="wp-block-pages-list__item"><a class="wp-block-pages-list__item__link" href="https://schlegel-burkersdorf.de/?page_id=44">Vereine</a></li><li class="wp-block-pages-list__item"><a class="wp-block-pages-list__item__link" href="https://schlegel-burkersdorf.de/?page_id=46">Gewerbe</a></li><li class="wp-block-pages-list__item"><a class="wp-block-pages-list__item__link" href="https://schlegel-burkersdorf.de/?page_id=48">Galerie</a></li><li class="wp-block-pages-list__item"><a class="wp-block-pages-list__item__link" href="https://schlegel-burkersdorf.de/?page_id=11">Impressum &amp; Datenschutz</a></li></ul>

<p>Bitte anklicken für mehr Details:</p>
