{"id":38,"date":"2024-02-10T11:07:19","date_gmt":"2024-02-10T10:07:19","guid":{"rendered":"https:\/\/schlegel-burkersdorf.de\/?page_id=38"},"modified":"2024-02-10T18:43:48","modified_gmt":"2024-02-10T17:43:48","slug":"lage","status":"publish","type":"page","link":"https:\/\/schlegel-burkersdorf.de\/?page_id=38","title":{"rendered":"Lage"},"content":{"rendered":"\n<figure class=\"wp-block-image alignright size-full\"><img loading=\"lazy\" decoding=\"async\" width=\"196\" height=\"600\" src=\"https:\/\/schlegel-burkersdorf.de\/wp-content\/uploads\/2024\/02\/eckstein1.jpg\" alt=\"\" class=\"wp-image-81\" srcset=\"https:\/\/schlegel-burkersdorf.de\/wp-content\/uploads\/2024\/02\/eckstein1.jpg 196w, https:\/\/schlegel-burkersdorf.de\/wp-content\/uploads\/2024\/02\/eckstein1-98x300.jpg 98w\" sizes=\"auto, (max-width: 196px) 100vw, 196px\" \/><figcaption class=\"wp-element-caption\">Dreil\u00e4ndereck<\/figcaption><\/figure>\n\n\n\n<p class=\"has-small-font-size\">Schlegel und das 1950 eingemeindete Burkersdorf liegen in der s\u00fcd\u00f6stlichen Oberlausitz im s\u00e4chsischen Landkreis G\u00f6rlitz etwa 11 Kilometer n\u00f6rdlich von Zittau, der Stadt am Dreil\u00e4ndereck von Polen, Tschechien und Deutschland.<\/p>\n\n\n\n<p class=\"has-small-font-size\">Die gesamte Ortslage erstreckt sich \u00fcber 4,5 Kilometer am Oberlauf des Kemlitzbaches.<\/p>\n\n\n\n<p class=\"has-small-font-size\">W\u00e4hrend im fr\u00fcheren Burkersdorf der umfangreiche Komplex des damaligen Gutshofes dominant war und Bauernwirtschaften sowie Wohngrundst\u00fccke locker die Stra\u00dfe s\u00e4umen, \u00fcberwiegt in Schlegel das typische Bild der H\u00e4usleranwesen mit denen die schmale Dorfaue im 18. Und 19. Jahrhundert aufgef\u00fcllt wurde. Die zumeist recht stattlichen, massiven Drei- und Vierseith\u00f6fe baute man an die hochwasserfreien Talr\u00e4nder.<\/p>\n\n\n\n<p><\/p>\n\n\n\n<figure class=\"wp-block-image size-full\"><a href=\"https:\/\/www.google.com\/maps\/place\/02788+Zittau-Schlegel\/@50.9821392,14.8598807,15z\/data=!3m1!4b1!4m6!3m5!1s0x4709222be78985d5:0xa21b1cdd48f7f40!8m2!3d50.9832791!4d14.8636351!16s%2Fg%2F120jf3z_?entry=ttu\" target=\"_blank\" rel=\"noreferrer noopener\"><img loading=\"lazy\" decoding=\"async\" width=\"300\" height=\"300\" src=\"https:\/\/schlegel-burkersdorf.de\/wp-content\/uploads\/2024\/02\/karte300.jpg\" alt=\"\" class=\"wp-image-79\" srcset=\"https:\/\/schlegel-burkersdorf.de\/wp-content\/uploads\/2024\/02\/karte300.jpg 300w, https:\/\/schlegel-burkersdorf.de\/wp-content\/uploads\/2024\/02\/karte300-150x150.jpg 150w\" sizes=\"auto, (max-width: 300px) 100vw, 300px\" \/><\/a><\/figure>\n\n\n\n<p class=\"has-small-font-size\">Die zahlreichen Umgebindeh\u00e4user mit Fachwerk, die von ihren Besitzern liebevoll erhalten werden, sowie die vielen neuen Eigenheime pr\u00e4gen das Ortsbild. Auch die Bauernh\u00f6fe haben durch Fassaden- und Dacherneuerungen ein gepflegtes Aussehen erhalten.<\/p>\n\n\n\n<p><\/p>\n\n\n\n<figure class=\"wp-block-image size-full\"><img loading=\"lazy\" decoding=\"async\" width=\"500\" height=\"600\" src=\"https:\/\/schlegel-burkersdorf.de\/wp-content\/uploads\/2024\/02\/daecher.jpg\" alt=\"\" class=\"wp-image-103\" srcset=\"https:\/\/schlegel-burkersdorf.de\/wp-content\/uploads\/2024\/02\/daecher.jpg 500w, https:\/\/schlegel-burkersdorf.de\/wp-content\/uploads\/2024\/02\/daecher-250x300.jpg 250w\" sizes=\"auto, (max-width: 500px) 100vw, 500px\" \/><\/figure>\n\n\n\n<p class=\"has-small-font-size\">Vom Schlegelberg, der h\u00f6chsten Erhebung, kann man den gr\u00f6\u00dften Teil des Ortes \u00fcberblicken. Von hier kann der Besucher einen herrlichen Rundblick genie\u00dfen, vom Kamm des Zittauer Gebirges im S\u00fcden \u00fcber den markanten Gipfel des Jeschken bis zum Isergebirge im Osten. Bei guter Sicht ist sogar das Riesengebirge zu sehen. Im Norden gr\u00fc\u00dft die Landeskrone, der Hausberg von G\u00f6rlitz, im Westen Teile der Stadt Herrnhut, dahinter das Lausitzer Bergland mit Bieleboh, Tschorneboh, L\u00f6bauer Berg. An der Stra\u00dfe nach Wittgendorf wurde eine Relieftafel angebracht, auf der die Berge, die man im Hintergrund sieht, benannt sind.<\/p>\n\n\n\n<hr class=\"wp-block-separator has-alpha-channel-opacity\"\/>\n\n\n\n<div class=\"wp-block-buttons is-content-justification-center is-layout-flex wp-container-core-buttons-is-layout-a89b3969 wp-block-buttons-is-layout-flex\">\n<div class=\"wp-block-button has-custom-font-size has-small-font-size\"><a class=\"wp-block-button__link has-vivid-cyan-blue-background-color has-background wp-element-button\" href=\"https:\/\/schlegel-burkersdorf.de\/?page_id=32\">zur\u00fcck<\/a><\/div>\n\n\n\n<div class=\"wp-block-button has-custom-font-size has-small-font-size\"><a class=\"wp-block-button__link has-vivid-cyan-blue-background-color has-background wp-element-button\" href=\"https:\/\/schlegel-burkersdorf.de\/?page_id=40\">weiter<\/a><\/div>\n<\/div>\n\n\n\n<hr class=\"wp-block-separator has-alpha-channel-opacity\"\/>\n\n\n\n<div style=\"height:65px\" aria-hidden=\"true\" class=\"wp-block-spacer\"><\/div>\n\n\n<ul class=\"wp-block-page-list has-small-font-size\"><li class=\"wp-block-pages-list__item menu-item-home\"><a class=\"wp-block-pages-list__item__link\" href=\"https:\/\/schlegel-burkersdorf.de\/\">Willkommen!<\/a><\/li><li class=\"wp-block-pages-list__item\"><a class=\"wp-block-pages-list__item__link\" href=\"https:\/\/schlegel-burkersdorf.de\/?page_id=32\">Daten &amp; Kontakt<\/a><\/li><li class=\"wp-block-pages-list__item\"><a class=\"wp-block-pages-list__item__link\" href=\"https:\/\/schlegel-burkersdorf.de\/?page_id=38\">Lage<\/a><\/li><li class=\"wp-block-pages-list__item\"><a class=\"wp-block-pages-list__item__link\" href=\"https:\/\/schlegel-burkersdorf.de\/?page_id=40\">Geschichte<\/a><\/li><li class=\"wp-block-pages-list__item\"><a class=\"wp-block-pages-list__item__link\" href=\"https:\/\/schlegel-burkersdorf.de\/?page_id=42\">Kirche<\/a><\/li><li class=\"wp-block-pages-list__item\"><a class=\"wp-block-pages-list__item__link\" href=\"https:\/\/schlegel-burkersdorf.de\/?page_id=44\">Vereine<\/a><\/li><li class=\"wp-block-pages-list__item\"><a class=\"wp-block-pages-list__item__link\" href=\"https:\/\/schlegel-burkersdorf.de\/?page_id=46\">Gewerbe<\/a><\/li><li class=\"wp-block-pages-list__item\"><a class=\"wp-block-pages-list__item__link\" href=\"https:\/\/schlegel-burkersdorf.de\/?page_id=48\">Galerie<\/a><\/li><li class=\"wp-block-pages-list__item\"><a class=\"wp-block-pages-list__item__link\" href=\"https:\/\/schlegel-burkersdorf.de\/?page_id=11\">Impressum &amp; Datenschutz<\/a><\/li><\/ul>","protected":false},"excerpt":{"rendered":"<p>Schlegel und das 1950 eingemeindete Burkersdorf liegen in der s\u00fcd\u00f6stlichen Oberlausitz im s\u00e4chsischen Landkreis G\u00f6rlitz etwa 11 Kilometer n\u00f6rdlich von Zittau, der Stadt am Dreil\u00e4ndereck von Polen, Tschechien und Deutschland. Die gesamte Ortslage erstreckt sich \u00fcber 4,5 Kilometer am Oberlauf des Kemlitzbaches. W\u00e4hrend im fr\u00fcheren Burkersdorf der umfangreiche Komplex des damaligen Gutshofes dominant war und [&hellip;]<\/p>\n","protected":false},"author":1,"featured_media":0,"parent":0,"menu_order":1,"comment_status":"closed","ping_status":"closed","template":"","meta":{"footnotes":""},"class_list":["post-38","page","type-page","status-publish","hentry"],"_links":{"self":[{"href":"https:\/\/schlegel-burkersdorf.de\/index.php?rest_route=\/wp\/v2\/pages\/38","targetHints":{"allow":["GET"]}}],"collection":[{"href":"https:\/\/schlegel-burkersdorf.de\/index.php?rest_route=\/wp\/v2\/pages"}],"about":[{"href":"https:\/\/schlegel-burkersdorf.de\/index.php?rest_route=\/wp\/v2\/types\/page"}],"author":[{"embeddable":true,"href":"https:\/\/schlegel-burkersdorf.de\/index.php?rest_route=\/wp\/v2\/users\/1"}],"replies":[{"embeddable":true,"href":"https:\/\/schlegel-burkersdorf.de\/index.php?rest_route=%2Fwp%2Fv2%2Fcomments&post=38"}],"version-history":[{"count":20,"href":"https:\/\/schlegel-burkersdorf.de\/index.php?rest_route=\/wp\/v2\/pages\/38\/revisions"}],"predecessor-version":[{"id":240,"href":"https:\/\/schlegel-burkersdorf.de\/index.php?rest_route=\/wp\/v2\/pages\/38\/revisions\/240"}],"wp:attachment":[{"href":"https:\/\/schlegel-burkersdorf.de\/index.php?rest_route=%2Fwp%2Fv2%2Fmedia&parent=38"}],"curies":[{"name":"wp","href":"https:\/\/api.w.org\/{rel}","templated":true}]}}